-275 + 3?
-272
In base 7, what is -3 - -4144?
4141
In base 6, what is 3 + 303?
310
In base 9, what is -113 + -208?
-322
In base 8, what is 17452 - -5?
17457
In base 16, what is 5 + 1129?
112e
In base 9, what is 4824 - 2?
4822
In base 11, what is 843 - 6?
838
In base 3, what is 10 + 200020?
200100
In base 6, what is 0 - 3354?
-3354
In base 16, what is -4 + 135?
131
In base 15, what is 2373 - 2?
2371
In base 13, what is 10 - -4c?
5c
In base 2, what is 1000 - 111011101?
-111010101
In base 7, what is -2 - 5105?
-5110
In base 2, what is 10 - -10110?
11000
In base 5, what is -242 + -22?
-314
In base 13, what is -b8 - -2?
-b6
In base 2, what is -101 + -100101010?
-100101111
In base 16, what is 10 + 3?
13
In base 5, what is -222 - 4?
-231
In base 12, what is 73 - 1a?
55
In base 12, what is 2 - -26?
28
In base 6, what is 1230 - 4?
1222
In base 3, what is 10 - 1221?
-1211
In base 11, what is 17482 - -3?
17485
In base 11, what is 43 - -7?
4a
In base 8, what is 316 + -1?
315
In base 6, what is 45 + 0?
45
In base 2, what is 111010 + 10?
111100
In base 3, what is -11 - 220?
-1001
In base 5, what is 30 + 324?
404
In base 16, what is -4d - 8?
-55
In base 6, what is 2454 + -32?
2422
In base 12, what is 1 - -134?
135
In base 3, what is -1100210 + 10?
-1100200
In base 2, what is -11 + -1000011000111?
-1000011001010
In base 2, what is -1011001 - -100?
-1010101
In base 2, what is -111 + 10111110101?
10111101110
In base 16, what is 0 - 155?
-155
In base 14, what is -3 + 2c1?
2bc
In base 12, what is -20443 - -4?
-2043b
In base 6, what is 3534 + -4?
3530
In base 14, what is -89 + 0?
-89
In base 16, what is -7 + a7?
a0
In base 14, what is 0 + -5?
-5
In base 16, what is 8 + 347?
34f
In base 4, what is -302011 + 3?
-302002
In base 6, what is 2 - 220?
-214
In base 7, what is -10 + 6?
-1
In base 8, what is 5 - 2307?
-2302
In base 12, what is -42a + -4?
-432
In base 10, what is 6 - -1299?
1305
In base 11, what is 3a + 31?
70
In base 10, what is -68 - 0?
-68
In base 13, what is -4 - 313a?
-3141
In base 3, what is -20111 + -22?
-20210
In base 14, what is -5 + 99b?
996
In base 15, what is 32 + 5?
37
In base 5, what is -4 + 3300?
3241
In base 8, what is -1 + 302?
301
In base 4, what is 223130 + 1?
223131
In base 12, what is -3 + -42?
-45
In base 13, what is -21 - -1?
-20
In base 11, what is -a1 - -5?
-97
In base 10, what is 2587 - -2?
2589
In base 13, what is -8 - -67?
5c
In base 15, what is 3 + 2a?
2d
In base 15, what is ee2 - -1?
ee3
In base 16, what is 84 + -1a?
6a
In base 16, what is -7 + -a4?
-ab
In base 4, what is 11 + 132?
203
In base 10, what is -19 - 7?
-26
In base 2, what is -1 + 10100011?
10100010
In base 8, what is -62 - -2?
-60
In base 10, what is 1316 + 2?
1318
In base 16, what is 23 - 111?
-ee
In base 10, what is -4 - 62?
-66
In base 7, what is 5 + 4211?
4216
In base 4, what is 11 + -332000?
-331323
In base 14, what is 4c5 + -5?
4c0
In base 9, what is -3352 - -6?
-3345
In base 13, what is -c - -4?
-8
In base 8, what is -11 + 467?
456
In base 3, what is 1011 - -1010?
2021
In base 16, what is 12 - 1?
11
In base 16, what is -3 + -19?
-1c
In base 5, what is -23440 - 0?
-23440
In base 5, what is -10 - -1301?
1241
In base 3, what is -210 + 0?
-210
In base 14, what is -5d + -51?
-b0
In base 12, what is -26a - 9?
-277
In base 2, what is 1000 - 1000000101?
-111111101
In base 14, what is -6a6 + -1?
-6a7
In base 15, what is a3 + aa?
15d
In base 6, what is -125 - 0?
-125
In base 2, what is -110111101 + 0?
-110111101
In base 5, what is -141 + 2?
-134
In base 9, what is 4 + -1353?
-1348
In base 10, what is -1 - 13?
-14
In base 15, what is 1304 - -4?
1308
In base 9, what is 0 + 20?
20
In base 7, what is -1410 + 3?
-1404
In base 16, what is -e - -333?
325
In base 6, what is 5044 + -3?
5041
In base 2, what is 1000100 - 1100?
111000
In base 16, what is 13 + 9?
1c
In base 2, what is -101000010110101 - -10?
-101000010110011
In base 15, what is 5 + -7?
-2
In base 13, what is 4 - -8c?
93
In base 8, what is 0 - 2227?
-2227
In base 12, what is -2a + -168?
-196
In base 7, what is -5 + -42?
-50
In base 7, what is -13 - -1414?
1401
In base 13, what is -3 - 1bb?
-1c1
In base 15, what is 7 - 37?
-30
In base 4, what is -20 - -11020?
11000
In base 6, what is 4300 + 0?
4300
In base 15, what is -99 - a?
-a4
In base 13, what is 1a3 - 1?
1a2
In base 5, what is -3 - -10441?
10433
In base 10, what is -138 - 4?
-142
In base 9, what is 7 + -345?
-337
In base 6, what is 1 + 500?
501
In base 5, what is 21 - 14?
2
In base 11, what is -386 - 4?
-38a
In base 15, what is -e7 + 0?
-e7
In base 15, what is 2e2 + -2c?
2b5
In base 10, what is -1 - 14?
-15
In base 16, what is -7 + -196?
-19d
In base 16, what is 7 - -b2?
b9
In base 10, what is 25 - -5?
30
In base 15, what is 24 - 41?
-1c
In base 7, what is -3351 - 1?
-3352
In base 11, what is -9070 - 3?
-9073
In base 15, what is -2e - -93?
64
In base 2, what is -1 + 11011000011?
11011000010
In base 2, what is 111101000 + 111?
111101111
In base 13, what is 2 - 178?
-176
In base 13, what is 47 + 1a?
64
In base 4, what is -211 - 301?
-1112
In base 6, what is -4 - -2010?
2002
In base 5, what is -4 - -23032?
23023
In base 2, what is -101100 + -110?
-110010
In base 9, what is 577 + -5?
572
In base 8, what is -72 - -1?
-71
In base 13, what is -118 - 0?
-118
In base 13, what is 39a + -3?
397
In base 9, what is 35 - 14?
21
In base 14, what is 111 + 1?
112
In base 2, what is 11110111111 - 1?
11110111110
In base 3, what is 10 - -2021221?
2022001
In base 9, what is 5 - -34?
40
In base 14, what is -5 - 27?
-2c
In base 10, what is 3 + -33?
-30
In base 10, what is -911 - -1?
-910
In base 10, what is -744 + -23?
-767
In base 13, what is -91 + -10?
-a1
In base 13, what is -1 + -24?
-25
In base 10, what is -18 + 971?
953
In base 3, what is 0 + 1001?
1001
In base 13, what is -1cc + 9?
-1c3
In base 9, what is 5 + -5524?
-5518
In base 12, what is 5 - 3b0?
-3a7
In base 4, what is 0 + 110?
110
In base 12, what is -630 - 5?
-635
In base 5, what is 20131 - 3?
20123
In base 9, what is -100 + -13?
-113
In base 16, what is 3 - -16?
19
In base 7, what is 11 + 2?
13
In base 5, what is -4 - -10234?
10230
In base 16, what is 43 + -3?
40
In base 4, what is -102 + 131?
23
In base 12, what is a + -423?
-415
In base 8, what is 66 + 526?
614
In base 16, what is -ded - 1?
-dee
In base 9, what is 74 + -7?
66
In base 16, what is -e + -1f?
-2d
In base 8, what is 274 - 2?
272
In base 3, what is -21010002 - -12?
-21002220
In base 4, what is -101 + 301?
200
In base 4, what is -1 + 0?
-1
In base 15, what is -5 - 1dc?
-1e2
In base 10, what is -2266 + -7?
-2273
In base 2, what is -10100 - -10000?
-100
In base 12, what is -58 + 40?
-18
In base 15, what is 6b - -72?
dd
In base 16, what is d3c - -4?
d40
In base 7, what is -510 + 4?
-503
In base 12, what is 1 + -80?
-7b
In base 13, what is b + -5?
6
In base 8, what is -3356 + 3?
-3353
In base 9, what is -16 + 10?
-6
In base 4, what is -2 + -102?
-110
In base 10, what is 1 - -39?
40
In base 3, what is 112120 - -2?
112122
In base 8, what is 605 - -1?
606
In base 15, what is 11 + 11?
22
In base 15, what is -13b + -1?
-13c
In base 14, what is -70 - -77?
7
In base 16, what is -72 - -3?
-6f
In base 7, what is 2525 + 4?
2532
In base 5, what is 3 + -10034?
-10031
In base 5, what is -4232 + -13?
-4300
In base 10, what is 14 + 2?
16
In base 16, what is -7 + -d?
-14
In base 7, what is 520 - 12?
505
In base 9, what is -241 + -4?
-245
In base 12, what is 2 - -20a?
210
In base 9, what is 5 - 323?
-317
In base 3, what is 110 + 100?
210
In base 3, what is 1122 - -202?
2101
In base 10, what is -87 - -3?
-84
In base 3, what is -10 + 10010?
10000
In base 6, what is 40 - 4?
32
In base 3, what is -102121 - 1002?
-110200
In base 4, what is 2131 + -3?
2122
In base 11, what is -439 - -1?
-438
In base 6, what is 20 - -55?
115
In base 7, what is -12225 + 3?
-12222
In base 11, what is 11 + -78a?
-779
In base 16, what is 16e - 0?
16e
In base 7, what is -444 - -11?
-433
In base 8, what is 5 + 1005?
1012
In base 7, what is 235 - -210?
445
In base 4, what is -1321311 - 11?
-1321322
In base 15, what is 6 + 25?
2b
In base 7, what is 2 + 14012?
14014
In base 5, what is -1 - -403?
402
In base 15, what is 5 + d?
13
In base 5, what is 4 + 2420?
2424
In base 2, what is 110 + -1100011?
-1011101
I